-s**2 + 5*s. Let y = 12 + -6. Determine r(y).
-6
Let g(z) = 3*z**2 - 4*z + 5*z - 2*z**2. Let h(q) = -7*q**2 - 10*q + 3. Let j(b) = -b - 10. Let d be j(-9). Let m(u) = d*h(u) - 6*g(u). Give m(-4).
-3
Let i be 2 + (-1)/(1 + -2). Let j be (i - 6)/1 - -6. Suppose -6 = -3*t - j. Let d(n) = 2*n. Give d(t).
2
Let r(o) be the third derivative of -1/3*o**3 + 0*o + 0 - 1/6*o**4 + 8*o**2. Give r(2).
-10
Let h be -3*(42/(-18) - -5). Let l(x) = x**2 + 9*x - 3. What is l(h)?
-11
Let l(s) = -5*s**2 + s - 2. Let m be l(1). Let g(h) = h**3 + 7*h**2 + 4*h - 7. Determine g(m).
5
Let t = -9 - -4. Let n(w) = 3 + w + 11*w**2 - 16*w**2 + 4 - w**3. Calculate n(t).
2
Let j(h) = -h**2 + 5*h - 1. Let x(w) = 2*w**2 - 5*w + 1. Let m be x(3). Calculate j(m).
3
Let x(v) = v**2 + 5*v + 6. Let l = -20 - -15. What is x(l)?
6
Let j(p) = -p**2 - p - 7. Let a(n) = n**2 - 7*n + 4. Let h be a(7). Suppose -2*g + 4 = 4*x, 6*g - 4 = 3*g - h*x. Calculate j(g).
-7
Let m(f) = -f**2. Let k = -18 - -17. Give m(k).
-1
Let r(j) = 4 + 6*j - 2*j + j**2 + 5*j. Let h(w) = w**2 + 10*w + 4. Let a(y) = 3*h(y) - 4*r(y). Calculate a(-6).
-4
Let a = 11 + -5. Let o(v) = v**2 + 3*v + 1. Let d be o(-4). Suppose -q + d = -a*q. Let s(f) = -10*f**2 - f. Determine s(q).
-9
Let f(o) = -2*o**2 - 5*o - 1. Let t = 123 + -127. Calculate f(t).
-13
Let d(t) = t**2 + 1. Let k(u) = -u**3 - 9*u**2 - 7*u - 2. Let z be k(-8). Let y = z + 7. Calculate d(y).
10
Let j(t) be the third derivative of -1/60*t**5 + 2/3*t**3 + 0 + 3*t**2 + 0*t - 1/12*t**4. Suppose 11 = -3*w - 1. Determine j(w).
-4
Let v(x) = -x**3 + 6*x**2 - 4*x - 4. Let w be v(5). Suppose -5*o = -0*o - 30. Let d(i) = 5*i. Let p(q) = -q. Let b(c) = o*p(c) + w*d(c). Give b(4).
-4
Let f(v) = v - 6*v + 0*v + 4*v - 7. Suppose -9 = 5*p + 21. Calculate f(p).
-1
Let g(d) = 6*d**3 + 4*d**2 + 4*d - 1. Let u(m) = m**3 + m. Let q(t) = g(t) - 5*u(t). Let v = 4 - -4. Suppose 2*h = 2, 5*x + v + 8 = -4*h. Determine q(x).
3
Suppose 19 = 4*s - 1. Let g(z) = -3*z + 3. Determine g(s).
-12
Let d(h) = -2*h. Let r(b) = -b**3 - 9*b**2 - b - 10. Let v(t) = -t**3 - 4*t**2 + t + 3. Let p be v(-3). Let i be r(p). Determine d(i).
2
Let u(z) = z**2 - 2*z + 3. Let b(g) = g**2 - g + 1. Let p(a) = -a**3 - 10*a**2 - 2*a - 15. Let v be p(-10). Let q(t) = v*b(t) - 2*u(t). Give q(-1).
3
Let g(h) = -2*h**3 - 5*h**2 + 3. Let j(u) = 2*u**3 - 4*u**2 - 3*u**3 + 3*u**2. Let q(l) = g(l) - j(l). Let w be (-2)/3*54/12. Determine q(w).
-6
Let w(l) be the first derivative of -l**2/2 + 7*l + 9. Give w(0).
7
Let s = 11 - 3. Let m(g) = 0*g + 2*g - s - g + 9. Determine m(-5).
-4
Let x(z) = z**2 - z + 166 - 166. What is x(-2)?
6
Let i(f) = -3*f + 13*f - 6 - 11*f. Give i(-5).
-1
Let a(q) be the third derivative of 11*q**8/6720 - q**7/1260 + q**6/360 - q**5/120 - q**4/4 + 2*q**2. Let f(n) be the second derivative of a(n). Calculate f(1).
10
Let c(b) = b**3 - 3*b**2 + 2*b. Let n be c(2). Let a(l) = -2*l**2 - 5*l + 7. Let k(f) = f**2 + 3*f - 3. Let u(h) = -3*a(h) - 5*k(h). Calculate u(n).
-6
Let v(y) be the second derivative of -y**5/30 - y**4/12 + y**3/2 + 7*y. Let j(c) be the second derivative of v(c). Determine j(2).
-10
Let g(c) = -c**2 - 5*c - 4. Let j(d) = -d**2 - 5*d + 4. Let o be j(-5). Suppose 2*s = 2*y - 6, 2*s + o*y = 3*s. What is g(s)?
0
Let q(c) be the first derivative of -c**2/2 + c + 2. Let s(l) be the second derivative of l**3/2 - l**2 - l. Let a(y) = -7*q(y) - 2*s(y). Calculate a(0).
-3
Let j(q) = -2*q**2 + 4*q. Let w(x) = -x**3 + x**2 - 1. Let v(f) = 4*f**3 - 11*f**2 - 2*f - 4. Let t(m) = v(m) + 5*w(m). Let y be t(-6). What is j(y)?
-6
Let r(c) be the third derivative of c**4/12 - 2*c**3 - 19*c**2. Give r(8).
4
Let s = -6 - -8. Let d be (2 - (4 + -5)) + 2. Let c(x) = d - x**s + 4 - 3 + 0 + x. Give c(0).
6
Let g(y) = y**2 + 6. Suppose 8*o - 9*o = 0. Determine g(o).
6
Let a(p) be the second derivative of p**3/2 + p**2/2 - p. Let s = -3 - -7. Suppose -5*m - 6 = -w, -2*m + s*w + 10 = m. Give a(m).
-5
Let b(o) = 14*o - 21*o + 7 + 8*o**2 + 3*o**2 - 10*o**2. Give b(6).
1
Let x(f) = -2*f + 1. Let n be 5/4 + 12/16. Let v be (-2)/1*1/n. What is x(v)?
3
Let q(t) be the first derivative of 0*t**2 - t - 3 - 1/3*t**3. What is q(1)?
-2
Let s(b) = -3 + 0*b + 2*b**3 - 2*b + 2*b**2 + 0*b**3. Determine s(-2).
-7
Let k(p) = p**2 + p + 6. Let x be k(0). Let u(g) = 3 - x - 4*g + 2. Determine u(1).
-5
Let i(c) = c**3 + 5*c**2 + 8*c + 4. Let a be i(-4). Let v(u) = u + 8. What is v(a)?
-4
Let o(h) = 3*h**2 + h + 2. Let n(y) = 6*y**2 + 2*y + 5. Let d(k) = -2*n(k) + 5*o(k). Calculate d(-2).
10
Let g(t) = -2*t**3 + 2*t + 1. Suppose -4*y + y + 4*m + 12 = 0, 4*y = -m + 16. Suppose 0 = 3*c - y*w + 19, 2*c - 3*c + 4*w = 17. Give g(c).
1
Let k be (3/(-4))/((-1)/(-4)). Suppose -s = -6*s - 10. Let z be 2 + k - s/1. Let y(q) = 5*q**3. Give y(z).
5
Let d(u) = 3*u + 4*u**2 + 2*u**2 - 3*u. Calculate d(-1).
6
Let l(n) = n**3 + 5*n**2 + 5*n - 1. Let s be l(-4). Let r(v) = v**3 + 6*v**2 + v. Let h be r(-5). Let q(d) = h*d + 2 - 23*d + 4 - d**2. Calculate q(s).
-4
Let v(p) = p**2 + 2*p + 4. Suppose 0 = z - 6. Suppose 11*l = 13*l + z. Determine v(l).
7
Let k(w) = -w**3 + 6*w**2 + 2*w - 3. Let c(r) = r - 11. Let q(n) = -1. Let l(y) = 2*c(y) - 22*q(y). Let s be l(3). What is k(s)?
9
Let d(b) = -1 - b - 2*b**3 + b**2 - b + b. Let u(l) = -3 - l + l**3 - 2*l**2 + 5 - 3*l. Let f be u(3). What is d(f)?
3
Let q(y) = -y**2 - 5*y - y**2 - y - 1 + y**3 + 4*y. Determine q(-1).
-2
Let w(l) = l**2 - 6*l + 10. Let a be w(5). Suppose 3*t + a = 2. Let h(m) = 2*m. Determine h(t).
-2
Let x(g) = -10 - 2*g**3 + g**3 + 21 - 16 - 7*g**2 - 10*g. Calculate x(-5).
-5
Let k(b) = -7*b**2 - 11*b - 13. Let u(n) = 10*n**2 + 17*n + 19. Let p(h) = -7*k(h) - 5*u(h). What is p(-7)?
3
Let g(t) = -13*t + 11 - 11*t + 17*t + t**2. Determine g(8).
19
Let g(d) = -9*d + 2*d**2 + 11 - 4*d - d**2 + 0*d**2. Let l be g(12). Let t(i) = -1 - 1 + 1 + 5*i. Determine t(l).
-6
Let d(o) = o**3 + 3*o**2 - 3*o - 4. Let m be (-2)/(-3 - (55/(-15) - 0)). What is d(m)?
5
Let s(r) be the third derivative of r**5/60 - r**4/8 - r**3/2 - r**2. Let o(g) = 3*g - 12. Let z be o(-5). Let l = -23 - z. What is s(l)?
1
Let k be ((-2)/4)/((-3)/6). Let s(u) = -k - u + 2 + 0*u + 8*u. Let n = -3 + 2. Determine s(n).
-6
Suppose -6*t = -7*t - 4. Let d(m) = -m**3 - 4*m**2 + 2*m - 3. Calculate d(t).
-11
Let o(m) be the third derivative of -m**6/120 - m**5/20 - m**4/24 + m**3/2 + 5*m**2. Suppose -l = -5*r + 23, -4*r + 13 = -2*l + 3*l. Calculate o(l).
6
Let w = 5 + -3. Let a(h) = 5*h + 8. Let s(k) = -k - 1. Let t(n) = -a(n) - 6*s(n). What is t(w)?
0
Suppose 5*m = -50 + 10. Let d = -5 - m. Let z(g) = -g**2 + 3*g + 4. Let h(i) = -4*i**2 + 13*i + 17. Let l(a) = -2*h(a) + 9*z(a). Calculate l(d).
-4
Let b(a) = a**2. Let n(k) = -4*k**2 - 5*k + 1. Let h(g) = -3*b(g) - n(g). Give h(-6).
5
Suppose 2*r - 8 = 3*d + 4*r, -5*d - 5*r = 20. Let a(v) = d*v - 2 + 0 + 5 - v. Calculate a(0).
3
Let p(v) = -v + 14. Let q(d) = -2. Let h(b) = 2*p(b) + 14*q(b). Let s(z) = -z + 1. Let c(n) = -2*h(n) + 3*s(n). What is c(-7)?
-4
Let w be 12/(-21) + (-153)/63. Let r(p) = -p**3 - 3*p**2 + p - 3. Determine r(w).
-6
Suppose 3*j = j - 12. Let n = j - -1. Let x(p) = 2*p + 2. Determine x(n).
-8
Suppose 0*q + 4 = 5*u + 3*q, 0 = -u - 5*q - 8. Let b(h) = -15*h**2 - 3*h**3 + 2*h**3 + 13*h**u + 2. Let s be 3/(-2)*(-4)/(-3). What is b(s)?
2
Let q(d) = -13*d + 26*d - 14*d + 4. Calculate q(4).
0
Suppose -4*l = -5*o - 1, -3*o + 2*l + 5 = l. Let i(s) = s**3 - 3*s**2 + 3. Calculate i(o).
3
Suppose 0 = -3*f - 0*f - 3. Let j(m) = 13*m**2 + 2*m + 1. Give j(f).
12
Let k(n) = -n**3 + 4*n**2 - 5*n + 5. Let t be (-7 - -6)*1/(-1). Let s(i) = -i + 1. Let u(z) = t*k(z) + s(z). Determine u(4).
-18
Suppose 0*g = -12*g - 84. Let p(x) = -2*x - 9. Give p(g).
5
Let z = -1 + -3. Let q(m) = 5*m**2 + 15*m - 6. Let k(w) = -w**2 - 3*w + 1. Let i(s) = -11*k(s) - 2*q(s). What is i(z)?
5
Let j = 1 - -2. Let l be -1 - (-3 - (-6)/3). Let i(d) = 4*d**2 + l*d**3 + d**j - 4 + d + 2*d. Calculate i(-3).
-4
Let n(d) = d**3 - 4*d**2 - d - 1. Let z(j) = -j + 77. Let x be z(0). Let h be (-24)/(-11) - 14/x. Determine n(h).
-11
Suppose 0 = 4*f + 3 - 11. Suppose 0 = r + f*r + 6. Let x(d) = -2*d**3 - 4*d**2 - 2*d + 1. Calculate x(r).
5
Let k(x) = 12*x + x**2 + 4 + 10*x - 27*x. Let m(d) = d**3 - 4*d